se 4) to base 11
-6
What is -9 (base 13) in base 15?
-9
Convert -47 (base 13) to base 7.
-113
19 (base 13) to base 12
1a
Convert -3 (base 16) to base 9.
-3
Convert 45 (base 8) to base 15.
27
Convert 1011 (base 2) to base 10.
11
Convert 14 (base 15) to base 6.
31
What is -2 (base 5) in base 7?
-2
3 (base 5) to base 10
3
Convert -7 (base 12) to base 13.
-7
-110 (base 7) to base 3
-2002
What is 1 (base 11) in base 12?
1
21 (base 3) to base 4
13
Convert -22 (base 4) to base 10.
-10
5 (base 7) to base 12
5
-3 (base 11) to base 10
-3
Convert -10 (base 8) to base 12.
-8
What is -14 (base 7) in base 2?
-1011
Convert a (base 16) to base 3.
101
What is 7 (base 14) in base 7?
10
Convert -c (base 16) to base 2.
-1100
What is 11 (base 3) in base 11?
4
Convert -13 (base 12) to base 8.
-17
Convert 25 (base 13) to base 14.
23
-3200 (base 5) to base 14
-225
What is -6 (base 8) in base 6?
-10
What is 109 (base 13) in base 2?
10110010
Convert 333 (base 5) to base 7.
162
Convert -56 (base 7) to base 11.
-38
What is 50 (base 16) in base 9?
88
Convert 0 (base 7) to base 15.
0
What is -85 (base 11) in base 2?
-1011101
Convert -4 (base 14) to base 3.
-11
Convert -75 (base 9) to base 11.
-62
Convert 14 (base 7) to base 3.
102
2 (base 13) to base 7
2
-11 (base 8) to base 13
-9
-61 (base 13) to base 2
-1001111
Convert -10010011 (base 2) to base 15.
-9c
33 (base 4) to base 15
10
Convert -30 (base 5) to base 10.
-15
What is -4 (base 7) in base 10?
-4
What is 35 (base 6) in base 4?
113
3 (base 10) to base 13
3
11 (base 7) to base 16
8
What is -123 (base 6) in base 13?
-3c
0 (base 13) to base 9
0
Convert 1c (base 16) to base 9.
31
Convert 1 (base 14) to base 2.
1
Convert -11 (base 3) to base 6.
-4
-101 (base 3) to base 13
-a
Convert -1111000 (base 2) to base 10.
-120
What is -2 (base 3) in base 14?
-2
What is 100 (base 2) in base 15?
4
What is 15 (base 9) in base 11?
13
What is 134 (base 5) in base 13?
35
What is -211 (base 3) in base 5?
-42
36 (base 7) to base 5
102
Convert -1123 (base 5) to base 13.
-c7
Convert -2 (base 10) to base 4.
-2
What is 8 (base 10) in base 15?
8
6 (base 16) to base 12
6
Convert 77 (base 13) to base 3.
10122
What is 4 (base 15) in base 12?
4
-106 (base 8) to base 5
-240
112 (base 3) to base 9
15
Convert 14 (base 16) to base 2.
10100
What is 0 (base 8) in base 7?
0
Convert 10 (base 8) to base 14.
8
What is 10021 (base 3) in base 7?
154
Convert 5b (base 14) to base 5.
311
Convert -24 (base 10) to base 13.
-1b
What is -1 (base 9) in base 15?
-1
Convert 211 (base 3) to base 15.
17
-5 (base 9) to base 5
-10
210 (base 9) to base 8
253
Convert 5 (base 16) to base 14.
5
What is -5 (base 11) in base 14?
-5
Convert 2 (base 5) to base 12.
2
Convert -3 (base 14) to base 13.
-3
What is -1010 (base 2) in base 3?
-101
Convert -16 (base 16) to base 9.
-24
-1 (base 15) to base 2
-1
What is -4 (base 14) in base 12?
-4
8 (base 11) to base 10
8
Convert 0 (base 6) to base 3.
0
-29 (base 13) to base 4
-203
-32 (base 9) to base 5
-104
-153 (base 7) to base 14
-63
What is -1 (base 9) in base 8?
-1
Convert 442 (base 5) to base 14.
8a
What is -bb (base 14) in base 5?
-1130
What is -22 (base 3) in base 12?
-8
What is -115 (base 6) in base 9?
-52
What is 0 (base 8) in base 7?
0
Convert 2 (base 10) to base 13.
2
What is 117 (base 10) in base 14?
85
Convert 8 (base 14) to base 13.
8
What is -31 (base 4) in base 10?
-13
Convert 3 (base 10) to base 2.
11
What is 111010 (base 2) in base 4?
322
Convert 1321 (base 5) to base 3.
21211
-6 (base 13) to base 5
-11
Convert 130 (base 4) to base 12.
24
What is -33 (base 11) in base 3?
-1100
101 (base 3) to base 16
a
What is 223 (base 9) in base 11?
157
What is -3311 (base 4) in base 5?
-1440
What is 10 (base 9) in base 13?
9
What is -12 (base 4) in base 12?
-6
What is -a (base 11) in base 10?
-10
What is 104 (base 12) in base 10?
148
2 (base 10) to base 15
2
-35 (base 16) to base 2
-110101
25 (base 15) to base 4
203
30 (base 15) to base 9
50
Convert -4 (base 12) to base 14.
-4
Convert -7 (base 8) to base 14.
-7
0 (base 2) to base 9
0
111 (base 2) to base 15
7
Convert -10 (base 5) to base 10.
-5
-49 (base 12) to base 11
-52
Convert -203 (base 9) to base 12.
-119
What is 19 (base 14) in base 10?
23
2 (base 8) to base 6
2
Convert -8 (base 16) to base 12.
-8
What is -18 (base 9) in base 16?
-11
222 (base 3) to base 7
35
Convert 4 (base 16) to base 13.
4
What is 22 (base 6) in base 10?
14
Convert 0 (base 6) to base 7.
0
5 (base 6) to base 16
5
4 (base 16) to base 7
4
Convert -5 (base 12) to base 15.
-5
What is 4 (base 5) in base 16?
4
What is 2 (base 5) in base 16?
2
10 (base 5) to base 8
5
Convert -26 (base 14) to base 6.
-54
Convert 3 (base 9) to base 12.
3
Convert 67 (base 12) to base 7.
142
-11 (base 5) to base 2
-110
What is -11 (base 6) in base 11?
-7
What is 7b (base 12) in base 3?
10112
352 (base 6) to base 8
214
Convert 366 (base 8) to base 3.
100010
-5 (base 10) to base 5
-10
What is -47 (base 12) in base 9?
-61
What is -25 (base 16) in base 4?
-211
What is 65 (base 7) in base 3?
1202
What is 47 (base 8) in base 14?
2b
Convert 1011110 (base 2) to base 10.
94
Convert 7 (base 8) to base 11.
7
Convert -15 (base 8) to base 4.
-31
What is -24 (base 5) in base 15?
-e
Convert -1b (base 15) to base 3.
-222
What is 1 (base 8) in base 12?
1
-31 (base 16) to base 5
-144
-111 (base 3) to base 15
-d
-102 (base 7) to base 14
-39
Convert 14 (base 5) to base 6.
13
-b3 (base 13) to base 15
-9b
-33 (base 11) to base 4
-210
Convert 3 (base 13) to base 10.
3
231 (base 5) to base 2
1000010
3 (base 15) to base 9
3
1c (base 13) to base 9
27
What is 24 (base 5) in base 3?
112
545 (base 6) to base 10
209
What is -31 (base 9) in base 16?
-1c
Convert 0 (base 6) to base 12.
0
Convert -30 (base 14) to base 7.
-60
-5 (base 16) to base 8
-5
What is -330 (base 4) in base 7?
-114
Convert -2 (base 6) to base 7.
-2
0 (base 13) to base 7
0
-4 (base 5) to base 13
-4
What is 52 (base 10) in base 12?
44
-123 (base 5) to base 15
-28
Convert -12122 (base 3) to base 8.
-230
Convert -87 (base 11) to base 3.
-10112
What is -115 (base 7) in base 8?
-75
What is 38 (base 15) in base 7?
104
25 (base 15) to base 11
32
102012 (base 3) to base 6
1222
What is 2 (base 4) in base 14?
2
What is -2 (base 3) in base 16?
-2
Convert 37 (base 8) to base 4.
133
Convert 3 (base 6) to base 9.
3
What is -8 (base 16) in base 10?
-8
What is -5 (base 13) in base 12?
-5
-231 (base 6) to base 9
-111
Convert 2 (base 13) to base 3.
2
Convert 8 (base 13) to base 16.
8
What is 3 (base 6) in base 5?
3
100 (base 6) to base 15
26
-121 (base 4) to base 15
-1a
Convert 11 (base 13) to base 14.
10
-4 (base 16) to base 15
-4
-52 (base 8) to base 11
-39
What is 38 (base 9) in base 5?
120
What is 3 (base 13) in base 9?
3
What is -4 (base 9) in base 3?
-11
Convert 174 (base 10) to base 4.
2232
-11 (base 5) to base 15
-6
-2 (base 5) to base 15
-2
Convert 21 (base 3) to base 12.
7
-a (base 16) to base 7
-13
Convert -9a (base 14) to base 4.
-2020
-1c (base 16) to base 5
-103
-1 (base 16) to base 8
-1
Convert -10 (base 4) to base 12.
-4
Convert 2 (base 12) to base 7.
2
Convert -8e (base 16) to base 9.
-167
Convert -311 (base 4) to base 10.
-53
What is -1001 (base 2) in base 8?
-11
What is 37 (base 11) in base 7?
55
Convert 135 (base 11) to base 6.
423
-11 (base 5) to base 2
-110
-216 (base 8) to base 11
-11a
What is -b5 (base 13) in base 12?
-104
Convert 3 (base 4) to base 9.
3
What is -1a7 (base 14) in base 6?
-1331
What is 2 (base 5) in base 8?
2
What is -28 (base 13) in base 9?
-37
Convert -3 (base 10) to base 14.
-3
1244 (base 5) to base 4
3013
What is -154 (base 10) in base 14?
-b0
3 (base 4) to base 16
3
Convert -8 (base 16) to base 13.
-8
1 (base 3) to base 10
1
What is -201 (base 3) in base 12?
-17
-b (base 12) to base 14
-b
Convert -2 (base 5) to base 14.
-2
What is -10 (base 4) in base 5?
-4
-622 (base 7) to base 16
-136
What is 10001 (base 2) in base 8?
21
8a (base 11) to base 5
343
Convert 200 (base 3) to base 4.
102
Convert -10110 (base 2) to base 8.
-26
What is 3 (base 13) in base 16?
3
-1222 (base 3) to base 7
-104
What is -6e (base 16) in base 12?
-92
What is 113 (base 14) in base 16?
d5
Convert 4 (base 10) to base 14.
4
101 (base 3) to base 7
13
-1 (base 12) to base 10
-1
2 (base 6) to base 7
2
Wha